984 = 2*p - x*j, -5*p + 2478 = -3*j. What are the prime factors of p?
3, 5, 11
Suppose 0 = -5*w - 15, 4*w - w = 3*t - 54. Suppose t*f + 462 = 17*f. List the prime factors of f.
3, 7, 11
Suppose 115*m - 121*m = -84. Suppose -955 = -m*n - 269. List the prime factors of n.
7
Let a be (567/(-60) + (-1)/(-4))*85. Let m = -355 - a. What are the prime factors of m?
7, 61
Let p(n) = 40*n + 20. Let t(y) = -2*y + 1. Let f(c) = -p(c) - 24*t(c). Suppose -4*u + 14 + 10 = 0. What are the prime factors of f(u)?
2
Suppose -5*b = 3*r - 601 - 110, -4*b + 585 = -3*r. Suppose -2*s - s = -x - 238, -3*x = 2*s - b. Suppose -h = h - s. List the prime factors of h.
3, 13
Let v = 129 - 126. Suppose 760 = -v*n + 151. Let x = n + 332. What are the prime factors of x?
3, 43
Let h be (2 - -10)/((-24)/16). Let q(w) = -w**3 - 8*w**2 + w + 5. Let v be q(h). List the prime factors of v/(-2) + (-931)/(-14).
2, 17
Let r(p) = -11*p + 26. Let l be r(2). Suppose -2*u = -m + 154, -4*m + 352 + 312 = l*u. List the prime factors of m.
2, 3
Suppose 12 = x + 4*d, -18 = 2*x - 3*d + 2. Let o(r) = -3*r**2 - 23*r + 144. Let v be o(-12). List the prime factors of ((-76)/(-12))/(x/v).
19
Let u(c) be the third derivative of -c**6/30 - c**5/20 - c**4/8 - c**3/6 + 17*c**2. Let m(f) = 4*f + 26. Let o be m(-7). What are the prime factors of u(o)?
5
Suppose 399*v - 7100575 = 6037697. List the prime factors of v.
2, 3, 7
Let a(s) = 23*s**2 - 3*s + 54. Let w be a(11). List the prime factors of (-100)/(-40)*w/10.
701
Let v(t) = -9*t - 9. Let c(m) = 10*m + 8. Let d(x) = -4*c(x) - 5*v(x). Let y be d(-6). What are the prime factors of y*(-20)/8*(-12)/(-15)?
2, 17
Let r(x) = 3 - 8 + 2*x + 4 - 8*x**2 - x**2. Let k be r(-2). Let j = k + 116. List the prime factors of j.
3, 5
Let p = 30789 + -16258. What are the prime factors of p?
11, 1321
Let h(y) be the second derivative of 17*y**2 - 17*y + 0 - 10/3*y**3 + 1/20*y**5 + 19/12*y**4. List the prime factors of h(-20).
2, 17
Let z(w) be the third derivative of 3*w**6/20 + w**5/60 + w**4/8 - w**3/2 + 14*w**2 + 2. List the prime factors of z(2).
151
Let h(y) = 6*y**3 - 4*y**2 + 9*y - 22. Suppose 44 = 4*u + g - 6*g, -22 = -5*u - 2*g. List the prime factors of h(u).
2, 37
Let x = 3529 + 428. What are the prime factors of x?
3, 1319
Suppose -9*i - 1551 = 627. Let j = i + 134. Let y = 229 + j. List the prime factors of y.
11
Let q be -5*(2 + -4 - 0). Let p be ((-38)/3)/(q/(-285)) + 3. Suppose 3*z = -z + p. What are the prime factors of z?
7, 13
Suppose -17*x = 2*z - 96983, -3*z - 29372 = -5*x - 844. What are the prime factors of x?
5, 7, 163
Let f(y) = 203*y - 117. Let q(k) = -135*k + 78. Let s(j) = 5*f(j) + 7*q(j). List the prime factors of s(14).
941
Let s(c) = -138*c**3 + c**2 - 3*c - 2. What are the prime factors of s(-1)?
2, 5, 7
Let r = -40 + 42. Suppose 15 - 23 = -r*u. Suppose u*i - 59 = 25. What are the prime factors of i?
3, 7
Let h(t) = 18*t - 56. Suppose 0 = r - 188 + 173. List the prime factors of h(r).
2, 107
Let d(o) = -9708*o - 3146. What are the prime factors of d(-4)?
2, 7, 2549
Let d(j) = 10*j + 62. Let w be d(-6). Suppose -864 = -w*t + 254. What are the prime factors of t?
13, 43
Suppose w = b - 3, 4*b - 28 = -4*w - 0. Let f(i) = i**2 + 2*i - 3. Let z be f(-3). Suppose 2*r - b*r + 78 = z. List the prime factors of r.
2, 13
What are the prime factors of ((-584706)/161 - 26)*70/(-4)?
2, 5, 37, 173
Let p(x) = 23*x + 2. Suppose 17*z = 22*z - 30. Let c(j) = 23*j + 1. Let r(n) = z*p(n) - 5*c(n). List the prime factors of r(3).
2, 19
Let q(b) = -9*b**3 - 1. Let n be q(-1). Suppose -10 = -v - n. Let s = 28 + v. List the prime factors of s.
2, 3, 5
Let b(t) = 68*t + 3. Let u be b(-1). Let a = u + 68. Suppose -y + 315 = a*l, -l + 5*y + 50 + 39 = 0. What are the prime factors of l?
2, 13
Suppose -4*o + 3*r - 27 = 4*r, 0 = -2*o + 5*r + 3. Let x be (6 + o)/(0/2 + -1). Suppose 4*f = -x*k - k + 34, 0 = k - 2*f - 52. What are the prime factors of k?
2, 23
Suppose -n + 1 = -3. What are the prime factors of 7036*n/112 + (-2)/7?
251
Suppose 268*i - 266*i - 24162 = -4*m, 0 = -4*i + 4*m + 48312. What are the prime factors of i?
47, 257
Let p(m) = 3 + 6 + 4*m + 11*m**2 - 13*m**2 + 14*m. Let b(y) = 3*y**2 - 18*y - 9. Let c(v) = -3*b(v) - 4*p(v). What are the prime factors of c(-8)?
71
Suppose 5832 = 3*v + 21*v. Let o = 837 - v. What are the prime factors of o?
2, 3, 11
Suppose -14157 + 4638 = 19*d. Let q = d - -1028. What are the prime factors of q?
17, 31
Suppose u - 35*u = 4284. Let f = 203 - u. List the prime factors of f.
7, 47
Suppose w + 44 = -0*w. Let f = 269 + -279. Let v = f - w. What are the prime factors of v?
2, 17
Let r(k) = k**3 - 9*k**2 + 65*k - 86. List the prime factors of r(27).
7, 2113
Suppose 161*w = 92*w + 2036880. List the prime factors of w.
2, 3, 5, 41
Suppose -11*m + 1696 = -3*m. Let y = m - 13. List the prime factors of y.
199
Let b(k) = 2*k**2 + k - k**2 - 3 - 1. Let h be ((-480)/(-9))/8*(6 + 42/(-10)). What are the prime factors of b(h)?
2, 19
List the prime factors of (60666/20*(-5)/(-3))/((-2)/(-4)).
10111
Let r(u) be the first derivative of -12 + u**3 + 3*u + 1/2*u**2. What are the prime factors of r(-8)?
11, 17
Let u(d) be the first derivative of -143*d**4/4 + d**3/3 + d**2 + d - 17. Let s be u(-1). Let f = s - 71. List the prime factors of f.
2, 3
Let p = -2789 + 3317. List the prime factors of p.
2, 3, 11
Suppose -243255 - 21370 = -8*v - 65*v. What are the prime factors of v?
5, 29
Let a(t) be the first derivative of t**3/3 + t**2/2 - 2*t + 15. Let m be a(2). Suppose -m*k = 4*b - 272, 9 = b + 5*k - 71. List the prime factors of b.
5, 13
Let y be (2/4)/(7/14). Suppose 5*z = -5*f + 975, -5*f + y = 6. List the prime factors of z.
2, 7
Suppose 0 = -21*b + 15*b + 13698. Suppose 2*h = 3*w + 1746, 3*h = -w + b + 325. List the prime factors of h.
2, 3, 5, 29
Suppose 11*w - 5*r = 15*w - 35429, r = -2*w + 17713. What are the prime factors of w?
2, 3, 41
Let b = 38 + -42. Let a(t) be the first derivative of -t**4 + 9*t**2/2 + 3*t - 18. What are the prime factors of a(b)?
223
Suppose -3*z = 187 - 10. Let d = -57 - z. Suppose -5*k = -3*t - 250, -156 = -3*k + t + d*t. What are the prime factors of k?
47
Suppose -15 = -3*i - 108. Let u = i + 296. Suppose -9*w = -4*w - u. List the prime factors of w.
53
Let s(j) = 1633*j - 5826. List the prime factors of s(41).
11, 5557
Suppose -5*g - 194 = 6. What are the prime factors of (g*8/16)/((-4)/66)?
2, 3, 5, 11
Let k(g) = g**2 - g + 12. Let j(h) = 0*h - 4 + 1 + 0*h - 3*h. Let y be j(-4). What are the prime factors of k(y)?
2, 3, 7
Let q(m) = -m**2 - 20*m + 64. Let s be q(-20). Let d = -56 + s. Suppose d*v - 263 = -x + 10*v, 0 = -4*x - 4*v + 1112. What are the prime factors of x?
3, 7, 13
Let p = 24 + -31. Let f be (p + 4)*(-3)/(-9). What are the prime factors of (f - 0 - 52/(-6))*18?
2, 3, 23
Let o(m) = -1405*m - 408. List the prime factors of o(-5).
13, 509
Let q = -41 - -49. Suppose 2*y - q = -2*y. Suppose 5*d = 5*i + 285, -4*d + 3*i = -y*i - 228. List the prime factors of d.
3, 19
Let t(q) = -2*q**3 + 2*q**2 + 154*q + 801. List the prime factors of t(-5).
331
Let o be (14/(-8))/(15/(-120)). Suppose 4*b = o*b - 4860. What are the prime factors of b?
2, 3
Let g = 132 + -128. Suppose -11168 = -g*k + 2052. Suppose 0 = 10*n + 965 - k. What are the prime factors of n?
2, 3, 13
Suppose -d + 2*h + 7 = 0, -d = 2*h + 3*h - 35. Let u(f) = -18 + 542*f - 1087*f + f**3 - 14*f**2 + 536*f. What are the prime factors of u(d)?
2, 3
Suppose -4*l = -32 + 20. Suppose 3*u = 2*j + 272, -l = 3*j - 0*j. What are the prime factors of u?
2, 3, 5
Suppose -6050*w = -6041*w - 26649. What are the prime factors of w?
3, 7, 47
Let g = 124 + -121. Suppose -5*r + 607 = -g*f, 126 = 2*r - 3*f - 115. What are the prime factors of r?
2, 61
Suppose 0 = -9*j + 4721 + 52960. What are the prime factors of j?
13, 17, 29
Suppose 0 = w + 2*l - 4, -4*l - l = -2*w + 8. Let u(p) = 2*p**2 - 6*p + 9. Let s be u(w). Suppose 6*g + s = 7*g. List the prime factors of g.
17
Let m(d) = -2*d**2 - 3*d + 23. Let c be m(-4). Suppose -4*i + 357 = 5*k - 103, 0 = -c*i + 4*k + 376. What are the prime factors of i?
2, 3, 5
Suppose 77*x - 74*x - 18675 = 0. List the prime factors of x.
3, 5, 83
Let j(o) = 5*o - 1. Let b = -48 - -50. Let k be j(b). Let y = k + 11. List t